8) a multiple of 15?
False
Does 5 divide 292/28 - (-3)/(-7)?
True
Suppose 0 = 3*v + 2*v - 90. Does 9 divide v?
True
Suppose j + 31 - 188 = 0. Is 16 a factor of j?
False
Let c(k) = k**2 + 7*k. Let j be c(-6). Let z be 18/8*(-112)/j. Let b = z - 24. Is b a multiple of 9?
True
Let v(z) = z**2 - 4*z - 8. Let r be v(5). Does 10 divide (-27)/r + -1 + 2?
True
Let k(l) be the third derivative of -1/24*l**4 + 2/3*l**3 - l**2 + 0 + 0*l. Does 9 divide k(-5)?
True
Suppose -2*x = x + 3. Let f = x + 1. Suppose 4 = j - f*w + w, 4*w = 4*j - 40. Is 3 a factor of j?
False
Suppose l - 2*d - 6 = 1, 2 = -2*d. Suppose -3*x = -c - 78, l*x + c + 0*c = 122. Does 10 divide -2 + 1 + (x - -2)?
False
Let d(j) = -23*j + 1. Let n be d(1). Let x = -15 - n. Let f = 7 + x. Does 14 divide f?
True
Let v = 36 - 25. Is v a multiple of 4?
False
Let v = -125 + 149. Does 13 divide v?
False
Let h(p) be the first derivative of p**3/3 + 4*p + 2. Let r be h(8). Suppose r = 3*n + 5*c, 4*c - 3*c - 20 = -n. Is 8 a factor of n?
True
Let w(r) = -5*r**3 - 29*r**2 + r - 4. Let n(a) = a**3 + 7*a**2 + 1. Let d(f) = 9*n(f) + 2*w(f). Let x be (5 - -1)*3/6. Is 10 a factor of d(x)?
False
Let f = -11 - 3. Does 7 divide f/(-3)*(-9)/(-2)?
True
Suppose 0 = 7*b - 3*b + 4*n + 28, -4*n = -3*b - 42. Is 10 a factor of (1 + 2)*b/(-3)?
True
Let u = -10 + 14. Suppose -4*h + 36 + 44 = u*c, 4*h - 75 = c. Is 10 a factor of h?
False
Let t = -44 - -72. Does 3 divide t?
False
Does 31 divide (-4)/(-6) - (-794)/6?
False
Suppose 35*w = 37*w - 432. Does 24 divide w?
True
Let h(x) = x**3 + 9*x**2 - 4*x + 11. Suppose 2 + 7 = -n. Let w be h(n). Let r = 68 - w. Is 7 a factor of r?
True
Let y(f) = -4*f**3 - 5*f**2 + 5*f + 4. Let u(w) = w**3 - w. Let r(d) = 3*u(d) + y(d). Let z be r(-5). Let j(v) = -v + 4. Is 5 a factor of j(z)?
True
Suppose 4*h - c + 6*c = 5, 5*h = -4*c + 13. Let a be (-501)/(-15) - 2/h. Is 14 a factor of a*(-2 + 3) + 2?
False
Let t(w) = -w**3 + 9*w**2 + 13*w - 8. Is 22 a factor of t(10)?
True
Is 17 a factor of (-110 + 8)/(6/(-4))?
True
Let v(s) = -s**2 + 25*s - 11. Is v(16) a multiple of 7?
True
Let v(o) = o**2 + 8*o + 8. Let n(c) = 1. Let a(x) = 2*n(x) + v(x). Is 7 a factor of a(-8)?
False
Suppose -c - 2 = -2*c. Suppose -c*f - 1 = -3*k, 3*f - f = -5*k + 7. Does 20 divide (58/4)/(f/2)?
False
Let z = -6 - -13. Is z a multiple of 3?
False
Suppose -5*w + 20 = -20. Does 2 divide w?
True
Suppose -19 = -2*k + 3*k. Suppose -l = -j + 4*j - 92, -j - 5*l = -12. Let f = k + j. Is 5 a factor of f?
False
Let d be (-219)/7 + 2/7. Let z(f) = f**3 - 2*f**2 - f - 1. Let w be z(-2). Let u = w - d. Is 8 a factor of u?
True
Does 2 divide 2 - (-9 - (-1 + 3 + 0))?
False
Let h(c) be the second derivative of -c**5/20 + 2*c**4/3 - 5*c**3/6 - 3*c**2 + 3*c. Is 3 a factor of h(7)?
False
Suppose -i + 14 = -34. Let o = 19 + -39. Let h = o + i. Is 10 a factor of h?
False
Let x(v) be the first derivative of -3*v - 2*v**3 + 1/4*v**4 + 7/2*v**2 - 1. Is x(5) a multiple of 7?
True
Let n = -20 - -27. Is 2 a factor of n?
False
Suppose 3*a + 660 = -2*a. Let u = 189 + a. Is u a multiple of 13?
False
Suppose -1 = -2*r + 7, -c + 60 = 4*r. Let t = -20 + c. Is t a multiple of 8?
True
Suppose 2*p - 120 = 98. Is p a multiple of 16?
False
Suppose -5*k + 6*o = 3*o - 250, o = 3*k - 146. Suppose -3*u + 22 = -k. Is 8 a factor of u?
False
Suppose 5*v = 4*g + 1012, -3*g + 512 = 5*v - 514. Is v a multiple of 34?
True
Suppose 3*s - 17 = -2. Suppose s + 15 = f. Is 10 a factor of f?
True
Let r = -5 + 7. Suppose -5*i - 18 = -r*i. Is ((-2)/i)/(2/42) even?
False
Let k(s) = 16*s**2 + 10*s + 10. Does 3 divide k(-1)?
False
Let k(v) be the second derivative of -v**5/60 + v**4/3 - v**3/2 - v**2/2 - 3*v. Let c(b) be the first derivative of k(b). Does 4 divide c(6)?
False
Suppose -4*q - x + 64 = 0, 2*q - 38 = -x - x. Is q a multiple of 15?
True
Suppose 3*j - 41 = 4*c, 0 = 5*c - 1 - 4. Is 4 a factor of j?
False
Let h be (-3)/4 + 882/24. Let c be h + -11 - 2/(-1). Suppose -4*v - 3*y + 124 = 0, -7 = -5*y - c. Is v a multiple of 17?
True
Let o = -42 - -64. Let h = 1 + o. Is h a multiple of 14?
False
Let n(s) = -s + 1. Let b(v) = -5*v**2 + v - 4. Let y(h) = -b(h) - 4*n(h). Is 15 a factor of y(-3)?
False
Let h(z) = z - 1. Let x be h(-3). Let o(s) be the first derivative of -s**2/2 - s - 2. Is o(x) a multiple of 3?
True
Let p(v) = -4*v**3 - 6*v**2 - 4*v - 1. Does 12 divide p(-3)?
False
Let d(t) = 6 - 4 - 2 - t + 3. Is d(-7) a multiple of 10?
True
Suppose 4*i + 6*g - 3*g = 208, -3*i + 2*g = -139. Is i a multiple of 7?
True
Suppose -101 = -4*a + z, -3*a - z + 111 - 44 = 0. Suppose 0*s = 4*s + a. Let l(w) = -w**3 - 7*w**2 - 7*w + 2. Is l(s) a multiple of 7?
False
Let n(k) = 19*k + 2. Let i be (-8)/(-6) + (-8)/(-12). Is n(i) a multiple of 10?
True
Let h = 21 + 173. Let w = h - 126. Does 17 divide w?
True
Let r(n) = -n**3 + 14*n**2 - 13*n - 7. Let k be r(10). Let l = k + -177. Is 22 a factor of l?
False
Let y = 480 + -337. Does 11 divide y?
True
Suppose 0 = 5*i + m - 4 - 4, 5*i - 16 = 3*m. Suppose 5 - i = r. Suppose 4*p - 8*p + 4 = r*d, -5*p + 2 = 3*d. Does 2 divide d?
True
Let i(o) be the third derivative of -o**6/120 + o**5/60 + o**4/24 + 10*o**3/3 + o**2. Let k be (-6)/(-15) - 2/5. Is 16 a factor of i(k)?
False
Is 6 a factor of (-6)/4 - (-14)/(224/696)?
True
Let a = -2 - -7. Suppose 2*m = 5*o - 2*m + 32, -a*m = -5*o - 30. Let j(z) = -z**2 - 9*z + 3. Is 11 a factor of j(o)?
True
Suppose 5*y + 2*a - 305 = 0, y + a - 58 = -0*a. Is y a multiple of 21?
True
Does 10 divide (1 + -5 - -3)/((-2)/420)?
True
Suppose 2*z - 81 - 57 = 0. Is 9 a factor of z?
False
Suppose -2*f - 4*k + 15 + 135 = 0, 0 = 3*f - 3*k - 180. Is 2 a factor of f?
False
Let u(x) = x**2 + 5*x - 1. Let y be u(-6). Suppose -y*i + 35 = -0*i. Is 3 a factor of i?
False
Let g(l) = 9*l - 1 + 2*l - 1 - 2. Let u be 2/(-4)*18/(-3). Does 14 divide g(u)?
False
Suppose -2*b = g - 3 - 33, -b = 2*g - 21. Suppose -5*i + 3 = -b. Is i a multiple of 4?
True
Let z = 1 - 4. Let o = z + 18. Does 5 divide o?
True
Suppose 3*z = 5*j + 47, -z - 4*j - j + 49 = 0. Does 10 divide z?
False
Let k be -2 + 3 + -4 + -3. Let w = -11 + k. Let n = 25 + w. Is n a multiple of 7?
False
Suppose 2*r + 160 = -3*r. Let b = -7 - r. Does 25 divide b?
True
Let d(z) = -z**2 + 6*z - 4. Let w be d(5). Let m be (-7 - w)*(-20)/16. Does 5 divide (-1)/(-2)*1*m?
True
Suppose 0 = -4*t - 18 - 30. Suppose -3*m = 2*w + 16, -2*m + w = -0 - 1. Is (2/3)/(m/t) a multiple of 3?
False
Suppose -4*y = -5*k + 31, 3*k - 17 = 5*y - y. Suppose -4*z - 4*q + 272 = 0, -3*z + 3*q = k*q - 204. Does 34 divide z?
True
Let w(k) = k**2 + 0*k**2 - 12*k**2 + 13 + k**3. Does 4 divide w(11)?
False
Let t(p) be the third derivative of p**5/60 - p**4/2 - p**3/2 - 5*p**2. Is 5 a factor of t(13)?
True
Let l = 37 + -30. Does 3 divide l?
False
Let i(c) be the third derivative of -c**6/360 + c**5/120 + c**4/12 + 2*c**2. Let d(b) be the second derivative of i(b). Is 2 a factor of d(-1)?
False
Let i(w) = 8*w. Suppose -3*u = 2*s - 19, s - 2*u - 4 + 12 = 0. Is i(s) a multiple of 7?
False
Let p(g) = g**3 - 7*g**2 + 7*g - 16. Let m(a) = -4*a**3 + 21*a**2 - 22*a + 49. Let f(d) = -2*m(d) - 7*p(d). Is 12 a factor of f(-7)?
False
Suppose 0 = 4*p - 8*p + 312. Is 13 a factor of p?
True
Let x(m) be the first derivative of -m**4/4 - 8*m**3/3 + 5*m**2/2 + 6*m + 3. Does 21 divide x(-9)?
True
Suppose 10 = -k + 6*k. Suppose -k*a + a = -26. Suppose 5*h - a = 74. Is 10 a factor of h?
True
Is 4/(44/40 - 1) a multiple of 15?
False
Let w(n) = -n**3 - 22*n**2 + 23*n + 19. Is 5 a factor of w(-23)?
False
Let s(w) = -w**2 + 7*w - 3. Let m be s(6). Suppose -2*r - m*n = -23, -r + 5*n - 5 = 4*r. Does 4 divide r?
True
Let j(v) = 246*v**3 + 2*v**2 - 5*v + 3. Does 41 divide j(1)?
True
Suppose 0 = -3*v - 8 - 1. Let i = v - -14. Is i a multiple of 10?
False
Suppose -3*r + 25 = 4. Suppose j = r + 18. Is j a multiple of 11?
False
Let p(l) = 4*l**2 + 1. Let s be (2/(-4))/((-2)/4). Is p(s) a multiple of 3?
False
Let f(n) be the first derivative of n**4/4 + 8*n**3/3 - 6*n**2 - 10*n + 1. Is f(-9) a multiple of 7?
False
Let j(u) = -u**3 - 6*u**2 + 10*u - 11. Does 5 divide j(-8)?
False
Let u be (2/(-4))/((-3)/(-288)). Is 17 a factor of ((-8)/(-6) + -2)*u?
False
Suppose 40 = -5*m + 3*b, -3*m - b - 24 = 3*b. Let g = m - -6. Does 5 divide (-540)/(-66) - g